55?
5
What is the hundred thousands digit of 101223?
1
What is the thousands digit of 53585?
3
What is the thousands digit of 1076?
1
What is the tens digit of 1396?
9
What is the units digit of 91643?
3
What is the units digit of 5135?
5
What is the thousands digit of 27563?
7
What is the hundreds digit of 5399?
3
What is the units digit of 2464?
4
What is the tens digit of 5425?
2
What is the tens digit of 3478?
7
What is the hundreds digit of 1072?
0
What is the units digit of 16428?
8
What is the ten thousands digit of 100109?
0
What is the tens digit of 1343?
4
What is the hundreds digit of 22372?
3
What is the hundreds digit of 5940?
9
What is the hundreds digit of 1341?
3
What is the tens digit of 1409?
0
What is the tens digit of 2524?
2
What is the units digit of 8035?
5
What is the tens digit of 672?
7
What is the tens digit of 7806?
0
What is the hundreds digit of 513?
5
What is the ten thousands digit of 54323?
5
What is the units digit of 75860?
0
What is the hundreds digit of 19788?
7
What is the tens digit of 786?
8
What is the thousands digit of 5885?
5
What is the hundreds digit of 4908?
9
What is the tens digit of 19499?
9
What is the units digit of 18999?
9
What is the hundred thousands digit of 137677?
1
What is the hundreds digit of 1213?
2
What is the units digit of 157981?
1
What is the ten thousands digit of 19911?
1
What is the hundreds digit of 733?
7
What is the thousands digit of 16418?
6
What is the hundreds digit of 10814?
8
What is the hundreds digit of 3203?
2
What is the units digit of 163588?
8
What is the tens digit of 655?
5
What is the thousands digit of 17879?
7
What is the hundreds digit of 193?
1
What is the ten thousands digit of 35237?
3
What is the units digit of 2966?
6
What is the units digit of 220?
0
What is the units digit of 2888?
8
What is the units digit of 1359?
9
What is the units digit of 22421?
1
What is the hundreds digit of 764?
7
What is the units digit of 10596?
6
What is the tens digit of 91148?
4
What is the hundreds digit of 1017?
0
What is the units digit of 169825?
5
What is the tens digit of 62966?
6
What is the units digit of 12212?
2
What is the units digit of 18018?
8
What is the thousands digit of 1986?
1
What is the units digit of 9066?
6
What is the units digit of 776?
6
What is the units digit of 9274?
4
What is the hundreds digit of 106072?
0
What is the units digit of 14547?
7
What is the units digit of 2797?
7
What is the units digit of 6882?
2
What is the units digit of 162116?
6
What is the thousands digit of 20536?
0
What is the thousands digit of 8611?
8
What is the thousands digit of 1985?
1
What is the tens digit of 673?
7
What is the units digit of 94412?
2
What is the tens digit of 31672?
7
What is the hundreds digit of 217?
2
What is the tens digit of 12376?
7
What is the hundreds digit of 1947?
9
What is the hundreds digit of 4618?
6
What is the hundreds digit of 47772?
7
What is the tens digit of 11311?
1
What is the units digit of 1791?
1
What is the thousands digit of 7122?
7
What is the thousands digit of 6394?
6
What is the thousands digit of 143961?
3
What is the units digit of 973?
3
What is the hundreds digit of 57557?
5
What is the units digit of 140?
0
What is the ten thousands digit of 44385?
4
What is the thousands digit of 39726?
9
What is the hundreds digit of 7457?
4
What is the thousands digit of 11916?
1
What is the units digit of 1274?
4
What is the thousands digit of 3706?
3
What is the units digit of 76875?
5
What is the thousands digit of 7673?
7
What is the thousands digit of 4098?
4
What is the hundreds digit of 6296?
2
What is the hundreds digit of 100631?
6
What is the units digit of 84607?
7
What is the tens digit of 35?
3
What is the hundreds digit of 15238?
2
What is the units digit of 36234?
4
What is the thousands digit of 1688?
1
What is the thousands digit of 26183?
6
What is the thousands digit of 4097?
4
What is the units digit of 7262?
2
What is the thousands digit of 3044?
3
What is the hundreds digit of 1504?
5
What is the thousands digit of 13012?
3
What is the units digit of 9732?
2
What is the tens digit of 137564?
6
What is the hundreds digit of 6000?
0
What is the tens digit of 2677?
7
What is the hundreds digit of 3822?
8
What is the units digit of 30467?
7
What is the units digit of 406?
6
What is the thousands digit of 1607?
1
What is the tens digit of 14248?
4
What is the units digit of 3698?
8
What is the tens digit of 3613?
1
What is the units digit of 2493?
3
What is the hundreds digit of 89011?
0
What is the units digit of 274?
4
What is the tens digit of 3538?
3
What is the units digit of 958?
8
What is the hundreds digit of 187?
1
What is the thousands digit of 6104?
6
What is the hundreds digit of 14868?
8
What is the thousands digit of 87662?
7
What is the tens digit of 608?
0
What is the tens digit of 1022?
2
What is the hundreds digit of 983?
9
What is the thousands digit of 4773?
4
What is the hundreds digit of 7534?
5
What is the thousands digit of 29579?
9
What is the thousands digit of 172140?
2
What is the thousands digit of 3792?
3
What is the tens digit of 9527?
2
What is the hundreds digit of 1576?
5
What is the ten thousands digit of 78244?
7
What is the tens digit of 3652?
5
What is the thousands digit of 1271?
1
What is the hundreds digit of 883?
8
What is the units digit of 55938?
8
What is the hundreds digit of 12644?
6
What is the units digit of 4117?
7
What is the hundreds digit of 1192?
1
What is the hundreds digit of 34316?
3
What is the ten thousands digit of 64704?
6
What is the hundreds digit of 17713?
7
What is the hundreds digit of 892?
8
What is the tens digit of 7035?
3
What is the thousands digit of 109482?
9
What is the hundreds digit of 114891?
8
What is the tens digit of 780?
8
What is the hundreds digit of 409?
4
What is the thousands digit of 102036?
2
What is the ten thousands digit of 99181?
9
What is the units digit of 4401?
1
What is the hundreds digit of 12313?
3
What is the thousands digit of 4395?
4
What is the tens digit of 90?
9
What is the ten thousands digit of 12583?
1
What is the tens digit of 42696?
9
What is the thousands digit of 3923?
3
What is the units digit of 533?
3
What is the thousands digit of 40633?
0
What is the thousands digit of 5507?
5
What is the units digit of 4709?
9
What is the tens digit of 64606?
0
What is the hundreds digit of 10840?
8
What is the hundreds digit of 1056?
0
What is the thousands digit of 2180?
2
What is the tens digit of 2108?
0
What is the hundreds digit of 11796?
7
What is the hundreds digit of 4145?
1
What is the units digit of 105768?
8
What is the hundreds digit of 1129?
1
What is the thousands digit of 2139?
2
What is the tens digit of 92535?
3
What is the thousands digit of 2534?
2
What is the units digit of 45470?
0
What is the tens digit of 3666?
6
What is the units digit of 1044?
4
What is the tens digit of 1961?
6
What is the tens digit of 2026?
2
What is the thousands digit of 5115?
5
What is the ten thousands digit of 17492?
1
What is the hundreds digit of 184?
1
What is the units digit of 3302?
2
What is the tens digit of 5083?
8
What is the units digit of 3158?
8
What is the ten thousands digit of 18662?
1
What is the units digit of 383?
3
What is the tens digit of 1104?
0
What is the hundreds digit of 19679?
6
What is the thousands digit of 56724?
6
What is the tens digit of 26545?
4
What is the thousands digit of 8377?
8
What is the thousands digit of 5011?
5
What is the units digit of 530?
0
What is the units digit of 1565?
5
What is the units digit of 84020?
0
What is the units digit of 10629?
9
What is the units digit of 482?
2
What is the hundreds digit of 5658?
6
What is the tens digit of 1878?
7
What is the tens digit of 125483?
8
What is the hundreds digit of 135787?
7
What is the tens digit of 6689?
8
What is the tens digit of 107402?
0
What is the hundreds digit of 12892?
8
What is the units digit of 6357?
7
What is the tens digit of 2636?
3
What is the ten thousands digit of 23535?
2
What is the units digit of 309?
9
What is the thousands digit of 60631?
0
What is the units digit of 6243?
3
What is the thousands digit of 64265?
4
What is the thousands digit of 12883?
2
What is the hundreds dig